 Calculate m(-2).
3
Let x(v) = -4*v**2 + 10*v + 1. What is x(-1)?
-13
Let z(x) = -2*x**2 - 21*x + 16. Determine z(-15).
-119
Let g(w) = w**2 + 10*w + 17. Determine g(-9).
8
Let l(v) = 5*v + 3. What is l(2)?
13
Let g(o) = o**3 - o**2 + 2*o - 3. Calculate g(-3).
-45
Let g(d) = -d**3 - 5*d**2 + 14*d + 6. Give g(-7).
6
Let g(k) = k**3 - 7*k**2 - k - 6. Determine g(7).
-13
Let o(l) = -6*l - 5. Calculate o(-6).
31
Let m(f) = 18*f - 928. What is m(51)?
-10
Let o(g) = 3*g - 82. Calculate o(31).
11
Let w(f) = 2*f + 14. Give w(-13).
-12
Let f(m) = -8*m + 36. Calculate f(3).
12
Let w(v) = -v**2 - 12*v + 5. Determine w(-6).
41
Let m(u) = u**3 + 8*u**2 - 10*u + 11. Give m(-8).
91
Let p(t) = 31*t + 88. Determine p(-3).
-5
Let x(c) = 12*c**3 + 8*c**2 - 6*c - 1. Give x(1).
13
Let g(q) = 2*q**2 - 13*q + 31. What is g(5)?
16
Let x(l) = 5*l + 42. Give x(-10).
-8
Let x(t) = 2*t**2 - 9*t + 15. What is x(8)?
71
Let v(s) = s**3 + 7*s**2 - 13*s - 94. Determine v(-7).
-3
Let k(z) = -6*z + 9. Give k(-7).
51
Let l(u) = -7*u + 2. Determine l(0).
2
Let u(l) = -l**2 + 10*l + 66. Give u(14).
10
Let q(o) = o**2 - 26*o - 1. Determine q(26).
-1
Let i(s) = -s**2 + 18*s - 34. Determine i(18).
-34
Let i(p) = p**3 + 14*p**2 + 8*p - 3. What is i(-13)?
62
Let x(u) = 2*u - 60. What is x(24)?
-12
Let z(l) = -22*l**2 - 4*l + 4. What is z(1)?
-22
Let t(f) = 5*f - 2. Determine t(0).
-2
Let g(b) = 4*b**3 + b. Determine g(1).
5
Let j(w) = -4*w + 57. What is j(12)?
9
Let b(u) = -21*u + 1. Determine b(-4).
85
Let c(v) = -v**3 + v + 5. Give c(0).
5
Let u(y) = 2*y + 65. What is u(-26)?
13
Let k(j) = -j - 37. Give k(-17).
-20
Let n(d) = 9*d + 13. Determine n(-7).
-50
Let j(k) = -k**2 + 15*k - 13. Determine j(13).
13
Let c(v) = -v + 30. Give c(-22).
52
Let b(n) = 2*n**3 + 15*n**2 + 8*n - 5. What is b(-7)?
-12
Let h(c) = -3*c**3 + 3*c**2 - 2. Give h(3).
-56
Let n(i) = 26*i + 179. Give n(-6).
23
Let b(q) = q**3 + 4*q**2 - 9*q - 22. Calculate b(-6).
-40
Let u(x) = 31*x + 5. Determine u(-2).
-57
Let l(x) = 2*x**3 + 17*x**2 + 6*x - 16. Give l(-8).
0
Let h(t) = 8*t - 7. What is h(3)?
17
Let z(h) = -115*h + 804. Determine z(7).
-1
Let j(c) = -74*c + 1. What is j(-2)?
149
Let p(b) = b**2 - 24*b + 64. Calculate p(21).
1
Let f(i) = 4*i - 99. Determine f(30).
21
Let m(t) = t**3 + 13*t**2 + 23*t + 18. Give m(-11).
7
Let r(p) = p**3 + 10*p**2 + 16*p + 11. Determine r(-8).
11
Let r(a) = a**3 + 15*a**2 - 4*a - 90. Determine r(-15).
-30
Let g(q) = -q**3 - 4*q**2 + q - 9. What is g(-5)?
11
Let u(o) = 4*o + 10. Calculate u(-3).
-2
Let g(b) = 4*b**2 + 6*b + 17. Determine g(-3).
35
Let o(t) = t**3 - 3*t**2 - 18*t + 11. Determine o(0).
11
Let z(b) = -b**3 + 24*b**2 - 52*b + 182. Give z(22).
6
Let x(d) = d**2 - 43*d + 60. Give x(42).
18
Let t(n) = -12*n + 35. Determine t(0).
35
Let n(x) = -2*x**2 + x - 2. What is n(-3)?
-23
Let k(b) = -b**2 + 12*b - 11. What is k(2)?
9
Let b(u) = -2*u**3 + 7*u**2 - 3*u - 3. Determine b(3).
-3
Let o(p) = -p**3 + 14*p**2 + 71*p - 39. Give o(18).
-57
Let o(d) = 32*d - 102. Give o(3).
-6
Let z(u) = -u**2 + 8*u - 9. Determine z(4).
7
Let r(h) = h + 4. Calculate r(-9).
-5
Let l(f) = -f + 12. Determine l(8).
4
Let y(l) = l**2 - 7*l - 43. Calculate y(0).
-43
Let o(p) = p**2 - 2*p - 22. Calculate o(9).
41
Let n(o) = -5*o**2 - 2*o + 9. Determine n(3).
-42
Let m(k) = 2*k**3 - 2*k**2 + 2*k + 3. Determine m(-2).
-25
Let h(o) = -3*o**2. Determine h(3).
-27
Let g(r) = r**2 - 20*r + 23. Give g(19).
4
Let o(s) = s**2 + 11*s - 11. What is o(-8)?
-35
Let h(c) = 19*c + 1. Give h(-2).
-37
Let m(c) = 14*c**2 + 2*c + 1. Calculate m(-1).
13
Let n(x) = x + 8. Calculate n(-6).
2
Let u(x) = x + 27. Give u(-10).
17
Let k(o) = -o**2 + 7*o + 7. What is k(7)?
7
Let j(q) = -q**2 - q + 8. Give j(-4).
-4
Let z(o) = 35*o - 108. Give z(3).
-3
Let p(z) = 5*z**3 - 4*z**2 + 3*z. What is p(2)?
30
Let u(n) = -n**2 - 33*n + 7. Determine u(0).
7
Let s(o) = -o**3 - 2*o**2 + 11. Give s(0).
11
Let z(s) = s**3 - 10*s**2 + 11*s + 36. Calculate z(8).
-4
Let p(u) = -u + 6. Give p(13).
-7
Let i(m) = 2*m**2 - 3*m - 5. What is i(2)?
-3
Let p(h) = h**2 + 16*h - 194. Give p(-24).
-2
Let q(f) = -f**2 - 5*f + 30. Give q(-7).
16
Let s(u) = 2*u**3 - u**2 - 1. Calculate s(-2).
-21
Let j(x) = -x**3 - 9*x**2 - 5*x + 11. Calculate j(-5).
-64
Let i(q) = -2*q**3 + 7*q**2 - 2*q - 8. Give i(4).
-32
Let j(n) = -28*n + 152. What is j(5)?
12
Let c(g) = 4*g**3 - 95*g**2 - 25*g + 33. What is c(24)?
9
Let b(q) = -35*q + 741. What is b(21)?
6
Let a(h) = -h**2 - 17*h - 47. Calculate a(-9).
25
Let w(c) = -c**3 - 6*c**2 + c - 7. Calculate w(-6).
-13
Let a(b) = b**3 - b**2 + 3*b + 1. Give a(3).
28
Let y(n) = 11*n + 2. Determine y(-3).
-31
Let w(f) = -f**3 + 6*f**2 - 3. Calculate w(3).
24
Let r(h) = h**3 + 7*h**2 - 14*h - 88. Calculate r(-6).
32
Let p(v) = -v**2 - 3*v + 22. What is p(-6)?
4
Let y(w) = -w**2 + 14*w + 45. What is y(17)?
-6
Let h(x) = 4*x**2 - 4*x - 4. Calculate h(5).
76
Let q(x) = x**3 - 17*x**2 + 30*x - 232. Calculate q(16).
-8
Let y(n) = -12*n - 86. Give y(-7).
-2
Let y(i) = i**3 + 40*i**2 - 39*i + 88. Give y(-41).
6
Let l(t) = -t**2 + 11*t + 2. Give l(5).
32
Let z(i) = i**2 + 6*i - 12. Determine z(-4).
-20
Let x(y) = -y**3 - 3*y - 1. Calculate x(2).
-15
Let x(d) = 2*d**3 + 20*d**2 + 2*d + 18. Determine x(-10).
-2
Let u(z) = 2*z + 4. What is u(-7)?
-10
Let s(l) = l**3 - l**2 + 1. Give s(2).
5
Let o(l) = -l**2 + 18*l + 21. Determine o(19).
2
Let u(j) = -2*j - 85. Give u(-37).
-11
Let m(y) = 16*y**2 - 2*y. Determine m(2).
60
Let f(x) = -x**2 + 45*x + 101. What is f(47)?
7
Let s(d) = d**3 - 15*d**2 - 4*d - 44. Give s(15).
-104
Let m(t) = 20*t - 13. Give m(1).
7
Let g(b) = 11*b - 6. Determine g(-3).
-39
Let h(c) = 2*c**2 - 8*c - 4. Calculate h(7).
38
Let z(h) = -h**3 - 4*h**2 - 6*h - 7. Calculate z(-2).
-3
Let n(a) = a**3 - 10*a**2 - 4. Calculate n(10).
-4
Let o(t) = -5*t**2 + 58*t + 23. Calculate o(12).
-1
Let q(i) = -i + 12. Determine q(15).
-3
Let s(g) = 5*g + 22. Calculate s(3).
37
Let r(y) = -4*y - 54. Determine r(-7).
-26
Let g(u) = -u**3 + u**2 - 4*u - 3. Determine g(-3).
45
Let f(s) = -2*s - 4. Calculate f(4).
-12
Let t(y) = 3*y - 2. Determine t(-1).
-5
Let w(x) = -x**2 - 9*x + 14. Determine w(-6).
32
Let q(z) = 2*z + 15. Calculate q(-8).
-1
Let r(w) = 5*w - 29. Calculate r(6).
1
Let q(l) = l**2 + 15*l + 8. Calculate q(-6).
-46
Let i(q) = q**3 + 25*q**2 + 7. What is i(-25)?
7
Let c(w) = -12*w - 2. Determine c(3).
-38
Let a(c) = c**2 + 10*c + 5. What is a(-6)?
-19
Let d(k) = 2*k - 9. Give d(-11).
-31
Let m(y) = y**2 - 6*y - 131. Give m(15).
4
Let k(u) = u - 12. What is k(3)?
-9
Let g(z) = -z**3 + 11*z**2 + 2*z + 22. Calculate g(12).
-98
Let b(m) = -2*m**2 + 7*m - 6. Calculate b(6).
-36
Let r(z) = z - 16. Give r(11).
-5
Let m(f) = f**3 - 14*f**2 + 3*f - 7. Give m(14).
35
Let q(s) = -s**3 + 8*s**2 + 2*s - 62. Give q(7).
1
Let q(r) = r**3 + r**2 + 3*r - 1. What is q(3)?
44
Let m(x) = 6*x - 9. What is m(2)?
3
Let r(p) = -13*p - 168. Calculate r(-12).
-12
Let z(v) = v**2 + 14*v + 9. What is z(-10)?
-31
Let x(y) = -42*y - 55. Calculate x(-4).
113
Let i(c) = -c**2 - 4*c - 9. Give i(-3).
-6
Let s(c) = -4*c + 83. Determine s(23).
-9
Let q(l) = -2*l**2 + 29*l + 38. Determine q(16).
-10
Let t(o) = -4*o**2 + 7*o - 1. Give t(3).
-16
Let x(h) = -10*h - 13. Determine x(5).
-63
Let b(y) = 2*y**2 + 81*y - 125. Calculate b(-42).
1
Let l(m) = -4*m + 2. What is l(-2)?
10
Let m(h) = 5*h**3 - 2*h**2 - 4*h + 6. Determine m(2).
30
Let z(b) = 2*b - 18. Determine z(-11).
-40
Let a(q) = q**3 + 3*q - 2. Determine a(0).
-2
Let l(t) = -3*t**2 - 27*t - 15. Determine l(-9).
-15
Let a(u) = 8*u - 18. Calculate a(0).
-18
Let v(z) = z**2 + 22*z + 9. Determine v(-11).
-112
Let k(i) = -i**2 - 7*i + 6. What is k(-8)?
-2
Let b(g) = g**3 + 5*g**2 - 7*g + 1. Calculate b(-6).
7
Let b(q) = q**3 - 7*q**2 - 153. What is b(9)?
9
Let l(k) = -3*k + 31. Determine l(7).
10
Let r(a) = 2*a**3 - 2*a**2 - a. What is r(-2)?
-22
Let g(f) = -3*f + 25. What is g(11)?
-8
Let s(a) = -a**3 - 11*a**2 - 14*a - 7. Calculate s(-10).
33
Let r(w) = -w**3 + 17*w**2 + 9*w - 157. What is r(17)?
-4
Let p(m) = m**2 + 10*m - 5. Determine p(3).
34
Let q(o) = -o**2 - 7*o + 3. Give q(-6).
9
Let i(j) = -2*j**3 - 39*j**2 - 19*j + 4. Determine i(-19).
4
Let f(n) = -2*n**3 + 61*n**2 - 23*n - 205. What is f(30)?
5
Le